3) in base 5?
-212
Convert -11 (base 3) to base 14.
-4
What is -342 (base 8) in base 6?
-1014
What is -25 (base 11) in base 8?
-33
What is 63 (base 13) in base 4?
1101
Convert 0 (base 5) to base 10.
0
What is -17 (base 16) in base 9?
-25
-17 (base 12) to base 2
-10011
Convert -4 (base 9) to base 2.
-100
81 (base 13) to base 3
10220
1101 (base 3) to base 15
27
Convert -1c9 (base 13) to base 12.
-23a
-100 (base 2) to base 6
-4
Convert -177 (base 10) to base 5.
-1202
-4 (base 14) to base 2
-100
What is 101011100 (base 2) in base 6?
1340
What is 4 (base 9) in base 11?
4
65 (base 10) to base 3
2102
What is -313 (base 5) in base 14?
-5d
123 (base 7) to base 12
56
Convert -11 (base 4) to base 5.
-10
1 (base 16) to base 13
1
5 (base 8) to base 16
5
36 (base 14) to base 8
60
Convert -39 (base 16) to base 2.
-111001
Convert 2 (base 16) to base 7.
2
Convert b (base 12) to base 4.
23
What is -e (base 15) in base 12?
-12
What is 17 (base 11) in base 16?
12
What is -3 (base 13) in base 15?
-3
11 (base 5) to base 15
6
Convert -97 (base 15) to base 7.
-262
What is 3 (base 9) in base 3?
10
-11 (base 2) to base 3
-10
Convert 20 (base 12) to base 7.
33
Convert 5 (base 12) to base 2.
101
What is 7 (base 13) in base 16?
7
-a (base 15) to base 7
-13
What is -2 (base 6) in base 14?
-2
Convert 0 (base 14) to base 9.
0
What is -35 (base 11) in base 16?
-26
Convert af (base 16) to base 14.
c7
-1000 (base 3) to base 14
-1d
What is 0 (base 14) in base 3?
0
What is 300 (base 4) in base 13?
39
What is 1 (base 8) in base 7?
1
Convert -3 (base 7) to base 3.
-10
Convert 4 (base 5) to base 10.
4
-15 (base 16) to base 14
-17
91 (base 16) to base 4
2101
Convert -33 (base 4) to base 11.
-14
Convert 22 (base 8) to base 2.
10010
What is -122 (base 15) in base 13?
-16a
-10 (base 15) to base 6
-23
Convert 4c (base 14) to base 4.
1010
What is 38 (base 9) in base 13?
29
What is -2222 (base 3) in base 16?
-50
Convert 45 (base 13) to base 10.
57
Convert 4c (base 13) to base 14.
48
-1b (base 14) to base 15
-1a
30 (base 7) to base 3
210
What is 3 (base 11) in base 16?
3
40 (base 11) to base 4
230
What is -21 (base 4) in base 2?
-1001
Convert -38 (base 16) to base 11.
-51
What is -66 (base 9) in base 12?
-50
What is -4 (base 12) in base 5?
-4
Convert 1 (base 5) to base 8.
1
What is 3 (base 12) in base 11?
3
Convert -a (base 11) to base 15.
-a
What is -142 (base 5) in base 6?
-115
Convert a (base 16) to base 4.
22
7 (base 13) to base 15
7
201 (base 4) to base 12
29
Convert 1144 (base 6) to base 14.
160
1 (base 10) to base 2
1
What is 1132 (base 4) in base 8?
136
-12 (base 7) to base 10
-9
124 (base 8) to base 13
66
What is 12 (base 3) in base 10?
5
-2010 (base 3) to base 6
-133
-7d (base 15) to base 11
-a8
What is 1011 (base 2) in base 15?
b
What is -31 (base 11) in base 5?
-114
5 (base 14) to base 10
5
9 (base 15) to base 5
14
What is -117 (base 14) in base 9?
-261
-5 (base 6) to base 8
-5
What is -102 (base 5) in base 10?
-27
What is 131 (base 5) in base 14?
2d
6 (base 11) to base 6
10
-2c (base 14) to base 16
-28
-48 (base 10) to base 13
-39
2 (base 12) to base 3
2
What is -6 (base 7) in base 13?
-6
What is -100 (base 8) in base 12?
-54
What is -2 (base 13) in base 4?
-2
Convert 6 (base 15) to base 6.
10
141 (base 6) to base 4
331
0 (base 2) to base 7
0
Convert 1 (base 4) to base 8.
1
-17 (base 12) to base 14
-15
Convert 0 (base 4) to base 14.
0
b (base 16) to base 11
10
Convert -3 (base 16) to base 8.
-3
440 (base 6) to base 8
250
-8 (base 12) to base 4
-20
6 (base 7) to base 13
6
-3 (base 4) to base 8
-3
-3 (base 10) to base 5
-3
4 (base 5) to base 3
11
110 (base 2) to base 11
6
Convert 100 (base 2) to base 4.
10
Convert -10 (base 14) to base 5.
-24
What is -3 (base 16) in base 4?
-3
3002 (base 4) to base 7
365
-425 (base 7) to base 9
-258
Convert -77 (base 9) to base 14.
-50
41 (base 5) to base 8
25
Convert -2 (base 3) to base 10.
-2
What is 11 (base 12) in base 7?
16
-10 (base 4) to base 5
-4
Convert -5 (base 14) to base 3.
-12
Convert 2 (base 14) to base 16.
2
What is -e (base 16) in base 9?
-15
What is 1a (base 14) in base 5?
44
Convert -22 (base 5) to base 3.
-110
Convert 3 (base 8) to base 16.
3
Convert -2 (base 15) to base 9.
-2
2 (base 15) to base 14
2
Convert 0 (base 5) to base 13.
0
-66 (base 7) to base 11
-44
Convert -6 (base 8) to base 16.
-6
124 (base 6) to base 15
37
12 (base 7) to base 4
21
What is -12 (base 8) in base 3?
-101
What is -24 (base 12) in base 14?
-20
Convert -103 (base 7) to base 15.
-37
200 (base 3) to base 14
14
1 (base 5) to base 2
1
Convert -a (base 14) to base 12.
-a
5 (base 9) to base 2
101
Convert 223 (base 4) to base 6.
111
What is 61 (base 7) in base 15?
2d
What is -12 (base 13) in base 5?
-30
121 (base 4) to base 10
25
-156 (base 16) to base 11
-291
What is 101 (base 3) in base 7?
13
-b (base 13) to base 15
-b
-4 (base 7) to base 8
-4
What is 18 (base 15) in base 11?
21
What is -246 (base 7) in base 9?
-156
What is 556 (base 7) in base 10?
286
Convert 4 (base 16) to base 8.
4
Convert -414 (base 5) to base 10.
-109
What is 30 (base 15) in base 2?
101101
What is c8 (base 14) in base 6?
452
What is -7 (base 16) in base 2?
-111
Convert -36 (base 8) to base 11.
-28
What is 249 (base 11) in base 8?
447
What is -5 (base 16) in base 13?
-5
Convert 1b (base 15) to base 13.
20
-1 (base 13) to base 4
-1
-25 (base 11) to base 2
-11011
14b (base 12) to base 7
410
What is 2 (base 5) in base 8?
2
What is 53 (base 6) in base 3?
1020
Convert 2 (base 12) to base 15.
2
-22 (base 5) to base 4
-30
What is -11 (base 12) in base 14?
-d
Convert -16 (base 10) to base 15.
-11
Convert -10010 (base 2) to base 8.
-22
-7 (base 11) to base 6
-11
What is 1 (base 6) in base 14?
1
What is 8 (base 13) in base 8?
10
Convert 20 (base 6) to base 16.
c
-b (base 13) to base 8
-13
62 (base 13) to base 12
68
What is -1 (base 10) in base 12?
-1
Convert -2 (base 12) to base 13.
-2
Convert -1 (base 8) to base 7.
-1
Convert 312 (base 4) to base 8.
66
Convert -14b (base 12) to base 14.
-107
Convert -253 (base 10) to base 14.
-141
Convert -9b (base 15) to base 10.
-146
What is 30 (base 9) in base 8?
33
20 (base 5) to base 6
14
-2120 (base 4) to base 10
-152
Convert -f (base 16) to base 5.
-30
-2 (base 16) to base 14
-2
60 (base 9) to base 5
204
What is 1 (base 15) in base 10?
1
-101 (base 10) to base 15
-6b
What is 1001 (base 3) in base 5?
103
What is -e (base 15) in base 10?
-14
What is -11 (base 15) in base 11?
-15
What is -331 (base 4) in base 3?
-2021
Convert -10 (base 7) to base 10.
-7
What is 3 (base 13) in base 4?
3
-190 (base 11) to base 10
-220
What is -10 (base 4) in base 7?
-4
Convert 10 (base 11) to base 7.
14
Convert -3 (base 12) to base 4.
-3
21 (base 14) to base 8
35
Convert 14 (base 11) to base 13.
12
Convert 0 (base 4) to base 2.
0
Convert 1 (base 7) to base 12.
1
-18 (base 9) to base 12
-15
What is 2 (base 3) in base 12?
2
Convert -103 (base 6) to base 4.
-213
Convert 100 (base 15) to base 14.
121
Convert 1 (base 13) to base 6.
1
-1d (base 14) to base 8
-33
-21 (base 15) to base 6
-51
2 (base 12) to base 14
2
Convert -2 (base 3) to base 10.
-2
Convert -5 (base 10) to base 6.
-5
-200 (base 3) to base 2
-10010
What is 40 (base 6) in base 7?
33
What is 0 (base 11) in base 5?
0
Convert 240 (base 8) to base 9.
187
Convert -504 (base 8) to base 9.
-400
341 (base 9) to base 11
235
What is -19 (base 13) in base 16?
-16
What is 1 (base 7) in base 13?
1
Convert 6 (base 14) to base 8.
6
What is 1 (base 13) in base 3?
1
-2200 (base 3) to base 9
-80
Convert -33 (base 5) to base 13.
-15
0 (base 13) to base 11
0
What is 80 (base 14) in base 13?
88
3 (base 10) to base 13
3
-1 (base 6) to base 15
-1
What is 1 (base 7) in base 6?
1
-4 (base 8) to base 3
-11
What is -124 (base 7) in base 2?
-1000011
What is -4 (base 16) in base 14?
-4
Convert 79 (base 14) to base 5.
412
Convert -8 (base 15) to base 8.
-10
1 (base 13) to base 15
1
-10 (base 8) to base 2
-1000
Convert -441 (base 5) to base 15.
-81
Convert 0 (base 14) to base 10.
0
1 (base 14) to base 16
1
Convert -1001 (base 3) to base 16.
-1c
3 (base 16) to base 2
11
Convert 26 (base 7) to base 6.
32
-6 (base 14) to base 12
-6
What is 212 (base 6) in base 2?
1010000
Convert 4 (base 13) to base 7.
4
What is 8a (base 12) in base 4?
1222
Convert